ors of 161201336?
2, 1987, 10141
List the prime factors of 214176656.
2, 773, 17317
What are the prime factors of 35248051?
5557, 6343
List the prime factors of 2164152664.
2, 809, 334387
What are the prime factors of 1732026188?
2, 433006547
What are the prime factors of 6742926311?
11, 149, 673, 6113
List the prime factors of 526899800.
2, 5, 7, 373, 1009
What are the prime factors of 1698011311?
61, 1033, 26947
List the prime factors of 792716991.
3, 11, 24021727
What are the prime factors of 37959668?
2, 9489917
List the prime factors of 213392703.
3, 43, 113, 14639
What are the prime factors of 507339823?
17, 29843519
List the prime factors of 656931273.
3, 218977091
List the prime factors of 1693185771.
3, 17, 33199721
What are the prime factors of 861594890?
2, 5, 13, 367, 18059
What are the prime factors of 4369372767?
3, 23, 409, 17203
List the prime factors of 183792759.
3, 61264253
List the prime factors of 1957252318.
2, 7, 251, 556987
What are the prime factors of 1371819237?
3, 8641, 52919
List the prime factors of 93845062.
2, 3491, 13441
List the prime factors of 26241241.
13, 863, 2339
What are the prime factors of 1210310762?
2, 127, 4765003
List the prime factors of 76992753.
3, 23, 233, 4789
List the prime factors of 922416879.
3, 4327, 71059
List the prime factors of 63679542.
2, 3, 10613257
What are the prime factors of 218305750?
2, 5, 13, 5167
List the prime factors of 6936858.
2, 3, 29, 97, 137
List the prime factors of 1068958787.
13, 23, 3575113
What are the prime factors of 52954697?
2393, 22129
List the prime factors of 179119423.
7, 23, 1112543
What are the prime factors of 2092176?
2, 3, 29, 167
List the prime factors of 12003171.
3, 23, 73, 2383
What are the prime factors of 773231496?
2, 3, 32217979
What are the prime factors of 44782480?
2, 5, 559781
List the prime factors of 3295795536.
2, 3, 11, 2080679
What are the prime factors of 2616109?
109, 24001
List the prime factors of 80506196.
2, 89, 226141
List the prime factors of 1927105846.
2, 963552923
What are the prime factors of 33245937?
3, 461, 2671
List the prime factors of 2276691502.
2, 43, 109, 242873
List the prime factors of 72533646.
2, 3, 193, 20879
List the prime factors of 439612955.
5, 2137, 41143
What are the prime factors of 522450391?
19, 1447231
List the prime factors of 1403279560.
2, 5, 1171, 29959
What are the prime factors of 235895438?
2, 6481, 18199
What are the prime factors of 63185018?
2, 13, 41, 59273
What are the prime factors of 2213110280?
2, 5, 55327757
List the prime factors of 243786376.
2, 30473297
What are the prime factors of 2303379956?
2, 19, 30307631
List the prime factors of 19098681.
3, 7, 173, 751
What are the prime factors of 1383620302?
2, 14939, 46309
What are the prime factors of 4549535504?
2, 1459, 194891
What are the prime factors of 23752590?
2, 3, 5, 307, 2579
List the prime factors of 229363003.
19, 12071737
What are the prime factors of 706245008?
2, 7, 17, 41, 83, 109
List the prime factors of 2802776396.
2, 7, 100099157
List the prime factors of 36387560.
2, 5, 11, 82699
What are the prime factors of 146269865?
5, 7, 4179139
What are the prime factors of 736466164?
2, 7, 23, 53, 21577
What are the prime factors of 174357298?
2, 809, 107761
List the prime factors of 1332375015.
3, 5, 293, 303157
What are the prime factors of 3162561701?
13, 499, 977
List the prime factors of 97524250.
2, 5, 390097
List the prime factors of 110738031.
3, 23, 127, 12637
List the prime factors of 44477525.
5, 17, 229, 457
What are the prime factors of 2464829114?
2, 11, 1201, 93287
What are the prime factors of 1243006610?
2, 5, 124300661
List the prime factors of 2307168155.
5, 59, 251, 31159
What are the prime factors of 172346971?
29, 204931
What are the prime factors of 274977447?
3, 41, 61, 67, 547
What are the prime factors of 100473792?
2, 3, 271, 1931
List the prime factors of 732153740.
2, 5, 1999, 18313
What are the prime factors of 9042947369?
31259, 289291
What are the prime factors of 4991995235?
5, 13799, 72353
What are the prime factors of 55046204?
2, 17, 31, 26113
List the prime factors of 145583133.
3, 173, 280507
What are the prime factors of 126529792?
2, 494257
List the prime factors of 671027223.
3, 53, 4220297
List the prime factors of 264112216.
2, 37, 892271
List the prime factors of 1416304826.
2, 67, 10569439
What are the prime factors of 30532908?
2, 3, 7, 103, 3529
What are the prime factors of 944846863?
3109, 303907
List the prime factors of 4193326073.
31, 43, 3145781
List the prime factors of 7879343676.
2, 3, 656611973
What are the prime factors of 6610201673?
97, 439, 155231
List the prime factors of 23022299.
53, 434383
List the prime factors of 182550568.
2, 31, 736091
What are the prime factors of 85685030?
2, 5, 389, 22027
List the prime factors of 163246961.
31, 5266031
What are the prime factors of 765241668?
2, 3, 599, 3943
List the prime factors of 716439124.
2, 59, 109, 27851
List the prime factors of 340816412.
2, 131, 650413
What are the prime factors of 57323105?
5, 7, 103, 15901
List the prime factors of 135792312.
2, 3, 1367, 4139
What are the prime factors of 9877579?
9877579
List the prime factors of 281985553.
89, 107, 29611
What are the prime factors of 48204907?
31, 491, 3167
List the prime factors of 150202045.
5, 7, 241, 17807
What are the prime factors of 2067627202?
2, 53, 2347, 8311
List the prime factors of 160325742.
2, 3, 17, 47, 53, 631
What are the prime factors of 265625424?
2, 3, 523, 3527
List the prime factors of 56110486.
2, 103, 272381
List the prime factors of 40125147.
3, 13375049
List the prime factors of 773277922.
2, 19, 223, 91253
What are the prime factors of 73178919?
3, 11, 29, 71, 359
List the prime factors of 1219439662.
2, 7, 239, 364447
What are the prime factors of 36692933?
19, 31, 62297
What are the prime factors of 79018302?
2, 3, 11, 19, 61, 1033
What are the prime factors of 28694054?
2, 14347027
List the prime factors of 572527481.
572527481
List the prime factors of 1364457050.
2, 5, 11, 293, 8467
List the prime factors of 9050543.
31, 181, 1613
List the prime factors of 63563600.
2, 5, 158909
What are the prime factors of 349902589?
1381, 253369
What are the prime factors of 227190418?
2, 7, 13, 131, 733
List the prime factors of 651793490.
2, 5, 71, 918019
What are the prime factors of 26510079?
3, 179, 49367
What are the prime factors of 5557730013?
3, 11, 5103517
List the prime factors of 120584890.
2, 5, 83, 145283
What are the prime factors of 248317485?
3, 5, 13, 1273423
What are the prime factors of 7727573?
7, 43, 25673
List the prime factors of 113283611.
7, 3989, 4057
What are the prime factors of 14507320?
2, 5, 97, 3739
What are the prime factors of 4276565483?
5507, 776569
List the prime factors of 74773452.
2, 3, 13, 479317
What are the prime factors of 168992028?
2, 3, 1564741
List the prime factors of 220735895.
5, 37, 113, 10559
What are the prime factors of 43736753?
31, 971, 1453
List the prime factors of 756214317.
3, 3797, 22129
What are the prime factors of 2806323?
3, 13, 47, 1531
List the prime factors of 55810594.
2, 7, 41, 97231
What are the prime factors of 876351177?
3, 13, 2496727
What are the prime factors of 233316737?
6763, 34499
List the prime factors of 334370593.
157, 2129749
List the prime factors of 348346881.
3, 17, 1109, 2053
What are the prime factors of 212144768?
2, 11, 17, 8863
What are the prime factors of 7099688807?
71, 857, 116681
What are the prime factors of 74355592?
2, 9294449
List the prime factors of 434690734.
2, 217345367
What are the prime factors of 231026200?
2, 5, 89, 12979
List the prime factors of 5427067.
67, 81001
What are the prime factors of 177954204?
2, 3, 1319, 11243
List the prime factors of 17290578.
2, 3, 1433, 2011
List the prime factors of 143468768.
2, 4483399
List the prime factors of 273027818.
2, 7, 19501987
What are the prime factors of 1186031?
7, 11, 73, 211
List the prime factors of 84469125.
3, 5, 13, 17327
List the prime factors of 3359721964.
2, 23, 317, 115201
List the prime factors of 292634195.
5, 7, 8360977
List the prime factors of 366652153.
7, 7482697
List the prime factors of 48223220.
2, 5, 17, 141833
List the prime factors of 89344703.